se 11, what is 5 - -1749a61?
1749a66
In base 13, what is -318 - 14533?
-1484b
In base 2, what is -1010010101101110 - 1001001001011100?
-10011011111001010
In base 7, what is 133 + 11454?
11620
In base 12, what is 585744 - -11?
585755
In base 9, what is 0 - -185426?
185426
In base 3, what is -1 - 1012112102220101?
-1012112102220102
In base 9, what is 64 - -347?
422
In base 8, what is 3 + 31213343?
31213346
In base 8, what is -440 - -3641566?
3641126
In base 8, what is 1 + -4354731?
-4354730
In base 15, what is 92e - -9c?
9cb
In base 5, what is -1103 - 200311402?
-200313010
In base 2, what is 1100010000101 - -1001001101?
1101011010010
In base 13, what is 5b98 - -55b?
6426
In base 10, what is -2938870 + 248?
-2938622
In base 9, what is -48 - -2753642?
2753583
In base 3, what is 12 + 202001211011?
202001211100
In base 7, what is -41064334 + -12?
-41064346
In base 7, what is 342563565 + 6?
342563604
In base 15, what is -a6e + 3356?
27d7
In base 15, what is 35b9 - -1a62?
512b
In base 16, what is f4122 + -5?
f411d
In base 3, what is -1110 + -20120200000?
-20120201110
In base 16, what is 15807 - -194?
1599b
In base 13, what is 4 + 73279c?
7327a3
In base 13, what is 17 + 6123b?
61255
In base 4, what is 33 + 11110031032?
11110031131
In base 11, what is -aa951372 - 3?
-aa951375
In base 2, what is 1001000001011111110100010100 + 1000?
1001000001011111110100011100
In base 16, what is -1ef - 19120?
-1930f
In base 7, what is 206 + 13134302?
13134511
In base 11, what is 37194 - -53?
37237
In base 8, what is 254515 + 6355?
263072
In base 15, what is 13791 - 111?
13680
In base 5, what is -10 + 3221014410?
3221014400
In base 3, what is -100210202 - -21012221?
-2120211
In base 4, what is -1322111003013 + 11?
-1322111003002
In base 4, what is -11121101032 + 232?
-11121100200
In base 4, what is -12 + -23123300123202?
-23123300123220
In base 4, what is -31320 + 1313102?
1221122
In base 15, what is -7da434e - 1?
-7da4350
In base 15, what is -5d85 + 20d?
-5b77
In base 6, what is -4432 - -14545?
10113
In base 11, what is -5 + 3168526a?
31685265
In base 6, what is -142 - -1444305?
1444123
In base 14, what is -49c61b5 + 1?
-49c61b4
In base 6, what is 1140454151 - -5?
1140454200
In base 13, what is -3 - -424763?
424760
In base 4, what is -1031303133223 + 332?
-1031303132231
In base 2, what is 0 - -10000000000100110100001?
10000000000100110100001
In base 8, what is -6600663655 + -4?
-6600663661
In base 3, what is 200012 + 21001122022?
21002022111
In base 10, what is -1952 - 714?
-2666
In base 11, what is -115846a + -6?
-1158475
In base 10, what is -1645504 + 583?
-1644921
In base 4, what is 330 - 30121233030?
-30121232100
In base 11, what is -46 - 145175?
-145210
In base 15, what is -d - -1508d?
15080
In base 10, what is -34160 + -43?
-34203
In base 7, what is 261541 + -364?
261144
In base 7, what is 402 - 56040?
-55335
In base 5, what is 342304 - 3014?
334240
In base 7, what is -33 - -40243?
40210
In base 14, what is 13 + 8bd38a?
8bd39d
In base 6, what is -15231345415 - -4?
-15231345411
In base 7, what is -111 - -25516510?
25516366
In base 8, what is -12313472 + 103?
-12313367
In base 5, what is 344332104340 - -2?
344332104342
In base 6, what is -454452304 + 4?
-454452300
In base 7, what is -220003661 - -2?
-220003656
In base 13, what is -117b1a + -3c?
-117b59
In base 13, what is 0 + 9853349?
9853349
In base 8, what is -1 - -63074443?
63074442
In base 6, what is -104113 - 25541?
-134054
In base 12, what is -a - 313791?
-31379b
In base 14, what is -1bc + b708b5?
b706d7
In base 5, what is -1121 - -20411402?
20410231
In base 16, what is 29 + 7492b?
74954
In base 15, what is -76c + -1430?
-1b9c
In base 11, what is -a2 - -1545a2?
154500
In base 10, what is -163 + 10454?
10291
In base 2, what is 10000000001011000100 - -1111011001?
10000000011010011101
In base 7, what is -251563 + 36106?
-212454
In base 5, what is 44 + 21033?
21132
In base 10, what is -4 - 111634?
-111638
In base 9, what is 3 + -33375164?
-33375161
In base 2, what is -111010110011010 - -1001011110010?
-110001010101000
In base 16, what is -9f22 - 156?
-a078
In base 15, what is 8 + -2b39a80?
-2b39a77
In base 16, what is 717d - 3a?
7143
In base 3, what is 11212000222 - 21220200?
11120010022
In base 10, what is 1907552 - 3?
1907549
In base 16, what is d + -2f6a0?
-2f693
In base 12, what is 147b9 - -236?
14a33
In base 9, what is 40 - -22550071?
22550121
In base 9, what is -3 + 747235787?
747235784
In base 10, what is 4 - 628319?
-628315
In base 2, what is -1101010110000100001000010 - -1000?
-1101010110000100000111010
In base 5, what is 2200444 - -1224?
2202223
In base 13, what is -121 - -58b722?
58b601
In base 11, what is 2 - 108a47?
-108a45
In base 7, what is -305 + 3443115?
3442510
In base 9, what is -103848635 + -1?
-103848636
In base 9, what is 33 + -12046015?
-12045872
In base 6, what is 15321131251 + 5?
15321131300
In base 4, what is -2100310303232 - 10?
-2100310303302
In base 8, what is -62 + -2115573?
-2115655
In base 16, what is -257 + a75?
81e
In base 11, what is -6166 + -925?
-6a90
In base 7, what is -162353 + -453?
-163136
In base 9, what is -2 - 56254266?
-56254268
In base 3, what is 1 + -1210221221101111?
-1210221221101110
In base 8, what is 0 + 213676623?
213676623
In base 11, what is 3 - -437a22?
437a25
In base 12, what is -91723 + -2b4?
-91a17
In base 9, what is -1255 + -7452?
-8717
In base 14, what is -55346b + -c?
-553479
In base 7, what is 1 + 532404454?
532404455
In base 10, what is -8 - -293396?
293388
In base 11, what is -231 + -495602?
-495833
In base 5, what is -11331310323 - 3?
-11331310331
In base 11, what is -288376 - 76?
-288441
In base 12, what is 3 - -310440?
310443
In base 3, what is -102222020010122 - -110?
-102222020010012
In base 8, what is -107027626 + 2?
-107027624
In base 10, what is 5 - 11298575?
-11298570
In base 4, what is 221 + -1110323320?
-1110323033
In base 3, what is 10210010200101 + 22?
10210010200200
In base 15, what is 6089cb3 - -4?
6089cb7
In base 15, what is 6c + -c334?
-c2b7
In base 10, what is -1 + -2664461?
-2664462
In base 12, what is -2232 + 7345?
5113
In base 12, what is -2a373 - -60?
-2a313
In base 15, what is 1110 + -139b8?
-128a8
In base 8, what is 27006341 - 11?
27006330
In base 14, what is 1c75960 + -5?
1c75959
In base 11, what is 147697 - -131?
147818
In base 2, what is 110101111011001 - 1111111111001100?
-1001001111110011
In base 15, what is 71 + 3ece9d?
3ed01e
In base 7, what is -1 - -5055223?
5055222
In base 13, what is 3a7b7c49 - 0?
3a7b7c49
In base 2, what is -1000110 - 1001010000001010?
-1001010001010000
In base 6, what is -501234 - -44103?
-413131
In base 14, what is 21b8 - -bc?
2296
In base 16, what is 44 - 224a36?
-2249f2
In base 6, what is 4400 + 2001540?
2010340
In base 16, what is 1e + -1144ab4?
-1144a96
In base 15, what is bb5 - -1973d?
1a403
In base 16, what is -b - 3d6503?
-3d650e
In base 9, what is 4 - -238658405?
238658410
In base 16, what is -131c5e + b?
-131c53
In base 11, what is 47 + -147356?
-14730a
In base 15, what is 1c2c55 - -230?
1c2e85
In base 16, what is -52b4c + -14?
-52b60
In base 9, what is 38422786 - 4?
38422782
In base 4, what is -112121303122 - 3?
-112121303131
In base 6, what is -1254033 + 3051?
-1250542
In base 14, what is -3d12 + -10b?
-401d
In base 13, what is -5 + -c5017c?
-c50184
In base 11, what is 33920 - 133?
33798
In base 8, what is -155 - 2245261?
-2245436
In base 7, what is -35331 + -221443?
-260104
In base 8, what is -2502517117 - 5?
-2502517124
In base 14, what is -4 + 3b10a4?
3b10a0
In base 13, what is -1b842a + 36?
-1b83c4
In base 2, what is -1000100110100011010111 - -10001?
-1000100110100011000110
In base 15, what is 1830cbdb + 1?
1830cbdc
In base 7, what is -4526544430 - 3?
-4526544433
In base 13, what is -122 - -4872ab?
487189
In base 12, what is -4 + 8199184?
8199180
In base 10, what is 13415401 - -31?
13415432
In base 11, what is 22077 + 9939?
30a05
In base 15, what is -3 - -1e7ad05?
1e7ad02
In base 7, what is -116223565 + 16?
-116223546
In base 16, what is -2b - -5c59f?
5c574
In base 16, what is 3 + -f5a8d3?
-f5a8d0
In base 12, what is -37 - 41a82?
-41ab9
In base 13, what is b062 + 2691?
10723
In base 10, what is 809 + 298836?
299645
In base 7, what is -115523 - -14230?
-101263
In base 15, what is